ber?
False
Let g(p) be the third derivative of 17*p**5/6 + 5*p**4/24 - p**3/3 + 6*p**2 + 3*p. Is g(3) a prime number?
True
Let c(i) = 4*i**2 - 5*i + 3. Let m be c(3). Suppose 5*h - m = 2*h + 5*n, 2*h + 6 = -4*n. Suppose -489 = -r + 2*z, -h*z - 976 = r - 3*r. Is r prime?
False
Suppose 120*s - 354*s + 56684862 = 0. Is s a prime number?
True
Let u = 21890 + 35051. Is u composite?
False
Suppose 0 = 6*y + 303 + 411. Let u be 0 + ((-3)/(-3) - y - -1). Let b = u + -70. Is b a composite number?
True
Let v be (-2)/(-8) + 1173081/12 + -3. Is v/4 + (135/10)/(-9) composite?
True
Let m(l) = 6*l**2 + 2*l + 7. Suppose 0 = -4*b - 5*z - 111 + 6, -3*b - 4*z - 80 = 0. Let y be 2/(-2 - b/12). Is m(y) prime?
True
Is 26496 - (-7)/((-63)/99) a prime number?
False
Suppose -25*m + 19*m = -247974. Is m prime?
False
Let o = -8992 + 6012. Let u = -1577 - o. Is u prime?
False
Let x = -62749 + 189800. Is x prime?
True
Suppose 3871850 = 60*f - 10*f. Is f a composite number?
True
Suppose 0 = -4*o - 169 + 12837. Suppose 3*y + 3*v + 2*v = o, 4216 = 4*y + 5*v. Suppose 0 = -4*i + 563 + y. Is i a composite number?
True
Let t = -128 + 131. Is 887*(0 - t/(3 - 6)) composite?
False
Let v = -330380 - -513601. Is v a prime number?
False
Suppose -2*h - 24 = -10*h. Suppose -5*z - h*r + 26314 = 0, -2*z - 15771 = -5*z + 4*r. Is z composite?
False
Is ((-10092)/(-36))/(1/207) + -8 prime?
False
Is (-7)/((-15)/(-23080710)*-14) prime?
True
Let z(k) = 206253*k + 31. Is z(2) prime?
True
Suppose 36 = -q + 35, -d - 5*q + 32262 = 0. Is d a prime number?
False
Suppose 2*t - 4*t - 4*f = -37590, f + 93975 = 5*t. Suppose 4*z = -z + 2*p + 18765, 4*p - t = -5*z. Is z composite?
True
Let f = 1063 + -1061. Suppose -3*u - 5*y = -7*u + 909, 0 = 2*y + 2. Suppose l + 4*d = 315, u = -5*l + f*d + 1757. Is l composite?
False
Is 9 - (8 + -12) - -41241 a composite number?
True
Suppose -128*k + 10404 = g - 127*k, 0 = -4*g - 2*k + 41622. Is g composite?
True
Let i = 40136 - 11443. Is i composite?
True
Let t be (-5)/35 - (-384)/42. Suppose -80937 - 19197 = -t*r. Is r composite?
True
Let m(j) = 9*j + 381. Let s(h) = 10*h + 381. Let v = -103 - -109. Let n(g) = v*m(g) - 5*s(g). Is n(0) composite?
True
Suppose -9*r - 4*p = -655116 - 180415, 4*p = -5*r + 464175. Is r prime?
False
Let b be ((-4)/3)/(11/((-924)/8)). Suppose -2*c = b*c - 119216. Is c a prime number?
True
Let o(w) = 14*w**2 + 87*w + 227. Is o(-58) a prime number?
False
Suppose -3*a = -2*d - 7, 0*a = 4*a - 4*d - 4. Suppose 0 = -a*b + 2*r + 42463, -3*r - 6849 - 1654 = -b. Is b composite?
True
Suppose 3*a + h = -h, a = 2*h. Suppose 30*w - 24*w - 70242 = a. Is w composite?
True
Let k(y) be the third derivative of -y**7/5040 + 149*y**6/720 - y**5/5 - 28*y**2. Let z(o) be the third derivative of k(o). Is z(0) composite?
False
Suppose 19*j - 15*j = 28. Let n(h) = 9*h**3 + 19*h**2 - 13*h + 8. Is n(j) a prime number?
False
Is (-1 - (-15)/12) + (19710201/28)/21 prime?
True
Let c(t) = 39*t - 91. Let o be c(12). Let v = o - -1956. Is v prime?
True
Is ((-1539806)/(-18))/((-1 + -5 - -4)/(-18)) composite?
False
Suppose 240603 = -66*v + 456700 + 319229. Is v prime?
True
Let b be 610 - -1*(-3 - -1). Let x = 62 - 127. Let s = b - x. Is s prime?
True
Let k = 630 - 625. Suppose -4*w - 3502 = -5*h - k*w, -5*w = 4*h - 2789. Is h composite?
False
Suppose 4*z - 11906 = -3*y, -y + 2*z + 19852 = 4*y. Is y - (-9)/(6/(-2)) prime?
True
Let s = -1375 - -4. Let b = -1220 + s. Let f = -768 - b. Is f composite?
False
Let y be 3*(3 - 8/6). Let q(b) = 2*b**2 - 11*b + 4. Let d be q(y). Is d/((6/1746)/(1/(-3))) a composite number?
False
Let t = -471 - -452. Let i(q) = 53*q**2 - 48*q - 31. Is i(t) prime?
False
Let f = -15 + 15. Suppose f*m = -3*m. Suppose m = -p + 1563 - 304. Is p prime?
True
Let c(n) = -116 - 4*n - 126*n + 193. Is c(-12) composite?
False
Suppose -5*w = -b + 401118, -3*b + 537655 = 5*w - 665679. Is b prime?
True
Suppose -h + m = -0*m - 5, 0 = -5*m - 5. Suppose -y = -o + 370 + 900, -2*o - h*y = -2528. Let z = o - 329. Is z composite?
True
Let l = -846 + 857. Suppose -l*j = 19*j - 77820. Is j composite?
True
Suppose 4*y = -4*a - 3255 + 30447, 4*a - 5*y - 27237 = 0. Is a composite?
False
Let z be 1860 - (-2 + -1 - -4). Let m = 5285 - z. Suppose -4*g + m = 1118. Is g a composite number?
False
Let s = -74 - -77. Is ((-19531)/s)/(100/(-12) + 8) a composite number?
False
Suppose 0 = 4*f - 5*x - 1950163, 4*f = 4*x + 1584327 + 365833. Is f composite?
True
Let u(o) = o**2 + 2*o - 11. Let i be u(-5). Suppose 0 = -i*s, -2*s + 4*s + 30 = 3*z. Let v(c) = 4*c**2 - 9*c - 3. Is v(z) a prime number?
True
Suppose 0 = -34*b - 368696 + 51120187 + 16006931. Is b a prime number?
False
Let o(k) = 80588*k + 1415. Is o(1) a composite number?
False
Let b be (2 + (-65)/15)*(-2 - -4724). Let n = -4617 - b. Is n a composite number?
True
Let m be 2/7 - 957/(-203). Is (-5 - 55960/m)*-1 composite?
False
Suppose -25*u - 138084 = -67*u + 30*u. Is u a composite number?
True
Let z(a) = 8*a**3 + 4*a**2 + 5*a + 2. Let g be z(-2). Let b = g + 58. Suppose 94 + 60 = b*c. Is c a prime number?
False
Let r = -181733 - -452602. Is r a composite number?
True
Let f = -189347 + 275908. Is f a prime number?
True
Suppose u + 20 = 4*o, o + 69 - 92 = -2*u. Let t(w) = -2*w + w**2 - 7 + 16 - 2*w**2 + 2*w**3. Is t(u) composite?
False
Suppose 97 = 5*t - 4*d, t - 3*d + 76 = 6*t. Let l be 11507/t - (-18)/153. Let n = 1231 - l. Is n prime?
False
Let o = -126399 + 691456. Is o a composite number?
False
Let f(q) = 24*q - 93. Let o be f(4). Suppose 4*h - 7186 = -o*j, -3*h - 19 = -4. Is j a prime number?
False
Let x(r) = 1574*r + 80. Let m be x(5). Let n = -5029 + m. Is n composite?
True
Let f(n) = 2080*n**2 - 104*n + 149. Is f(12) composite?
True
Let m be -51*57*12/(-18). Suppose h + 0*h = m. Suppose -236 = -2*w + h. Is w a composite number?
False
Is (-1)/((66540452/2772517)/(-4) + 6) prime?
False
Is 1 + -1 + (6 - 4) - (-848770)/26 prime?
True
Let c = 146 - 143. Suppose -5*i - z = z - 8821, -z + 5292 = c*i. Is i composite?
True
Let w = -3201 - -1758. Let q = 14186 + w. Is q a composite number?
False
Let f(r) = 57*r**2 + 315*r + 19. Is f(14) composite?
False
Let l(u) be the second derivative of -659/10*u**5 + 1/12*u**4 - 1/2*u**2 + 1/6*u**3 - 16*u + 0. Is l(-1) prime?
False
Let x(s) = 939*s**3 - 7*s**2 + 123*s - 576. Is x(5) a composite number?
False
Let u(c) = -62*c + 9. Suppose 13*b - 35 = 8*b. Suppose -2*t = 3*x - 0*x + b, 4*x + 5*t = 0. Is u(x) a composite number?
True
Let x = 371 + -373. Is (36728/2)/(0 - (0 + x)) composite?
True
Let p(o) = -11*o**3 + 20*o**2 - 5*o + 9. Let r be p(6). Let j = 4436 - r. Is j composite?
False
Let i(l) = -3*l + 2. Let d be i(-2). Let r be ((-20)/d)/(4/8). Is 3 - (1 - (-1305)/r) a prime number?
True
Suppose 0 = 149*j - 329344 - 3082309. Is j a prime number?
False
Let a = -19 + 12. Let u(q) = -749*q + 114. Is u(a) prime?
False
Let s be (-2)/3 - (1 + 168992/(-12)). Suppose -4*z - 3*p = -s, 0 = -5*z - 5*p + 15454 + 2151. Is z a composite number?
True
Let j = -674 - -640. Is 8/68 + 208/j + 4841 a composite number?
True
Let v(f) = 338*f + 8. Let s(u) = -337*u - 9. Let o(t) = 3*s(t) + 4*v(t). Is o(16) a prime number?
False
Let v be (3/6)/(3/(-6)) - -2105. Let z = -349 + v. Is (-2)/(-7) + z/7 a prime number?
True
Suppose 102*k - 155*k = -4931067. Is k a composite number?
True
Let b = -6779 - -2051. Let f = b + 7361. Is f prime?
True
Let k = 31 + -31. Suppose k = -c, t - 4*c + 1 - 6 = 0. Suppose 2*x - 4*o - 586 = 0, t*x + 2*o - 1479 = -2*o. Is x a composite number?
True
Is -5*(2 - 1) - -106744 prime?
True
Suppose 765*k - 377170 = 755*k. Is k a prime number?
True
Let f = 117042 + -11807. Suppose -3*b = 5*o - 6*b - 105235, 5*o = 2*b + f. Is o a prime number?
False
Let g = 45 - 42. Suppose -5*z = -g*p - 18, -p - 1 = -0. Suppose z*q = q + 3118. Is q prime?
True
Let q be 11644 + -11 + (-2)/(-1). Let z = q + -7992. Is z a prime number?
True
Is 482738*(-70)/112*20/(-25) composite?
True
Let v(m) = -9*m**3 + 58*m**2 + 59*m + 182. Is v(-32) prime?
False
Let g be 87/36*2*12/2. Suppose -23*c = -g*c + 55734. Is c a prime number?
False
Let x(f) = f - 2. Let k be x(-16). Let j = k - -21. Suppose 0*q + 2*q = 3*a + 659, 3*q - 996 = -j*a. Is q composite?
False
Suppose -3*s + 514039 = 3*c + 166156, c - 115961 = 2*s. Is c prime?
Fal